et y = t + 23048. Is y prime?
True
Let j(p) = -p**3 + 7*p**2 + 10*p - 16. Let r be j(8). Is r + 38094/(6/1) prime?
False
Is ((-18)/(-15))/(32/178960) prime?
False
Is (0*((-104)/(-16) - 6) - 8) + 102895 composite?
True
Let v = -12 - -16. Suppose -50417 = -0*t - v*t - n, n + 12608 = t. Suppose 7*k - 2*k - t = 0. Is k composite?
False
Let b be ((14/21)/2)/((-1)/(-6)). Let f(y) = 51*y + 10. Let j be f(b). Let p = 201 - j. Is p a composite number?
False
Suppose -25*u + 186 = 6*u. Suppose 14090 = u*t - 412. Is t a composite number?
False
Let z = 499 - 495. Is ((-2)/z)/(4 + 189768/(-47440)) a composite number?
True
Suppose 2*o - 16 = -0*o + 4*q, -14 = -4*o + 2*q. Suppose -4*f - o*m - m + 42368 = 0, 3*m - 10601 = -f. Is f composite?
False
Let h(a) = -10*a - 91. Let l be h(-10). Is 2/(l/49905*(5 - 0)) composite?
True
Let w = -71163 + 231472. Is w prime?
True
Suppose 4*y + 0*y + 101 = -5*p, 91 = -4*y + 5*p. Suppose -20*k = -16*k + 53232. Is 3/(-2) + k/y composite?
True
Suppose -10*y + 44904633 = 41*y. Is y a composite number?
False
Suppose -3*a = -2*k + 2, -4*a + 13 - 31 = 5*k. Suppose -2*y + 0 = l + 2, 8 = -l + y. Is (-62)/a*(5 - l) composite?
True
Suppose -4*i + 48 = 2*i. Suppose 4*q + l - 120 = 0, -5*l - i = -2*q + 74. Is q a prime number?
True
Let h = 45 - 136. Let s = h + 94. Suppose d + 2*d = s*y + 162, 3*d + 4*y = 169. Is d composite?
True
Suppose 0*o = 10*o - 50. Suppose 5*w + n = -2*n - 5, o*n = 2*w - 29. Is (w - -131)*(2 - 1) a prime number?
False
Let b = -11 + 15. Suppose b - 3 = l, 3*l - 967 = -4*p. Suppose 0 = a - c + 6*c - p, 5*a = 5*c + 1085. Is a composite?
True
Suppose -5*c = 4*n - 30 + 7, 3*n = -9. Suppose -c*i = -854 - 2268. Is i composite?
True
Suppose 245*q - 7396890 - 32475639 = -883474. Is q composite?
True
Let h(z) = 3*z**3 + 24*z**2 + 9*z + 7. Let w be h(-8). Is (w - -12958) + 0/1 composite?
False
Let s = 6386 - 3973. Is s composite?
True
Let t be 14*(-12)/(-588) - (-46)/(-14). Let y be ((-4)/(-6))/((-2)/6). Is (311/t - 1)/(y/3) composite?
False
Let y be 1/(1 - (-2 + 4)) + -4135. Let r = y + 5910. Is r prime?
False
Let i(y) = 82*y**2 + 126*y - 27. Is i(-11) prime?
False
Suppose -33 = -7*l - 47. Let b(n) = 16*n**2 - n + 4. Let f be b(l). Suppose -4*m + 298 = f. Is m a composite number?
True
Let v = 82 + -37. Let f = v + -40. Suppose 5*o + s - 10250 = 0, -f*o = -3*s - 2*s - 10280. Is o composite?
True
Suppose -4*x + 2381 + 13411 = 4*s, -2*s + 4*x = -7902. Is s a prime number?
False
Suppose 69*x - 83*x + 53186 = 0. Let y = 10438 + x. Is y composite?
True
Let p(c) = 3362*c + 21. Let h be p(-9). Is (-35)/120*h + (-1)/8 a prime number?
True
Let f(q) = 2660*q + 393. Is f(9) a composite number?
True
Let z be 0*(-1)/4*13/(-26). Suppose 0 = -3*t + t + 7886. Suppose 5*w - t = -2*x, z = 5*x - 3*w - 4206 - 5636. Is x a prime number?
False
Let c = 609086 - 261293. Is c prime?
False
Let w(b) be the first derivative of 311*b**2 - 89*b + 161. Is w(7) composite?
True
Suppose 2*g - 1467234 - 899526 = -2*c, -2*c - g + 2366761 = 0. Is c a prime number?
True
Let s(h) = -4*h**3 - 18*h**2 - 181*h - 59. Is s(-14) a composite number?
False
Is (13939126/(-44) + (-18)/99)*22/(-33) a prime number?
True
Let q(b) = 4*b**2 + 3*b + 3. Let f be q(-1). Let a(d) = 3*d + 2 - 5*d + 104*d**2 + 9 - 10. Is a(f) composite?
False
Let s = 805407 - 570500. Is s composite?
False
Let u = 2248 - -2289. Is u composite?
True
Suppose -11*k + 374 - 22 = 0. Suppose 106 = 4*u + 2*r, 5*u + 108 = 5*r + 263. Suppose 0 = -u*p + k*p - 7876. Is p composite?
True
Let c(a) = -1 - 127*a - 140*a + 277*a - 181*a**2. Let y be c(4). Let v = 6612 + y. Is v composite?
True
Let c(m) = 1143828*m**3 - 2*m**2 + 21*m - 20. Is c(1) composite?
True
Let w(v) = -v**2 + 21*v - 14. Let z be w(18). Let q = -37 + z. Suppose 4*j = 5*h - 651, -q*h - 4*j + 365 = -0*h. Is h a composite number?
False
Let j = 23509 + 15375. Suppose -24808 = -4*d - 4*m + 26984, 0 = 3*d - 5*m - j. Is d a composite number?
False
Suppose 0 = -2*y + 5*p + 233397, -13*p + 16*p + 21 = 0. Is y composite?
False
Suppose 4*x - x = -4*n + 2226, -2958 = -4*x - 2*n. Let f = x + -1121. Is 0 - f - (-3 + 4) composite?
True
Let a be (-50)/40*((-8)/2 + 0). Suppose -2*o = -4*q + 1632, -a*q + 4*q = 5*o - 419. Is q a prime number?
True
Let p(x) = -110*x + 22. Suppose -3 = -4*v + 17. Let g be p(v). Let l = g - -941. Is l a composite number?
True
Let z(r) = 26*r - 63. Let b be z(6). Suppose 89*j + 25821 = b*j + 5*i, -5*j + 32235 = -2*i. Is j a composite number?
False
Is 25/(500/523280) - 15 prime?
False
Let w be 2/11 - 8/(-88)*812. Suppose -w*c = -75*c + 1226. Is c a composite number?
True
Suppose -44 = -p - 22. Suppose 36*o = p*o + 109690. Is o prime?
False
Let a(t) = -2*t**2 - 27*t - 93. Let x be a(-17). Suppose -n + 79 + 98 = 0. Let l = n - x. Is l a composite number?
False
Let c(t) = 3*t + 21. Let v be c(-7). Let j be 3 + (-3)/3 + (-2 - v). Suppose j = -0*g + 6*g - 8538. Is g a composite number?
False
Let b(u) be the third derivative of 63*u**5/5 + u**4/8 + u**3/2 - 14*u**2. Let a be b(-2). Let f = a - 1382. Is f a composite number?
True
Suppose s - 117052 = -13*x + 8*x, -x = -6*s + 702219. Is s a prime number?
True
Let p(l) = -4613*l + 43. Let t be p(-5). Suppose 0 = n + 3*n - t. Is n prime?
False
Let x = 16118 - -9588. Is x a composite number?
True
Suppose -69*m = 304*m + 28*m - 19627747. Is m composite?
False
Let j = 30596 + -5803. Is j composite?
False
Let a(v) = -34198*v - 5757. Is a(-37) a composite number?
False
Let s = 284 - 283. Is ((-100)/(-300))/(s/5223) prime?
True
Let t = 27 - 24. Let y be t - -555 - (-1 + 0 - -2). Suppose -5*w + j + 3701 + y = 0, w - 863 = 4*j. Is w a prime number?
False
Let o be ((-27)/6)/(6/(-152)). Suppose 0 = 20*g + 1281 - 61. Let q = g + o. Is q prime?
True
Let d(j) = -5*j + 33. Let b be d(6). Suppose -l + n + 422 = 0, -2*l + 3*n = b*l - 2108. Suppose -2*z = 5*i - 2039, -2*i + 4*z = -i - l. Is i a composite number?
False
Suppose -m = 4, m = 3*p - 4*m - 35. Suppose -a - 5 = f - p*a, -3*f + 19 = 5*a. Is (2422/f)/(16/24) a prime number?
False
Suppose 169550 = h - z, -h - z = -98209 - 71327. Is h a prime number?
False
Let n = -536 - -539. Suppose 0 = -5*s + f + 1854, -1114 = -n*s - 86*f + 85*f. Is s composite?
True
Suppose -28*d = 21*d - 1299787 - 1760704. Is d composite?
False
Suppose -2*j - 18 = -4*l, 5*l - 3*l = -3*j + 5. Suppose -5*d + 6*q - 7*q + 6785 = 0, -d + l*q = -1357. Is d a prime number?
False
Suppose -4*u + 1088968 = 31*m - 35*m, 816720 = 3*u - m. Is u a prime number?
False
Suppose z = 1 - 3, 0 = k + 5*z + 6. Suppose 0*r = -k*r + 8. Suppose -455 - 143 = -r*b. Is b prime?
False
Let k be 105/2*(-18)/(-15). Suppose 1137 = k*u - 60*u. Is u composite?
False
Let y(u) = 24730*u**2 - 22*u - 19. Is y(-1) prime?
True
Let c(x) = x**2 - 15*x - 34. Let t be c(17). Suppose t = -27*p + 20*p + 28693. Is p composite?
False
Let a(b) = 3*b**2 - 77*b + 2599. Is a(36) composite?
True
Suppose 5*n - 75649 = -28274. Suppose 12*r = 3*r - 18. Is r*(-3 - n/10) a composite number?
False
Suppose 0 = 4*d + 3*d + 90433. Let l = -3056 - d. Is l prime?
False
Let j = 2275 - 1354. Let q = -248 + j. Is q composite?
False
Suppose -3*i + 6*i - 177 = 0. Suppose -73*k + 21196 = -i*k. Is k prime?
False
Suppose 5*s - 20 = i, i + 7 = -s - i. Let t(l) = -81*l - 20. Let a(k) = -244*k - 53. Let m(z) = -3*a(z) + 8*t(z). Is m(s) a prime number?
True
Let t(u) = u**3 - 7*u**2 - 27*u + 2. Let i be t(-3). Let s(c) = -15*c**3 - 4*c + 16. Is s(i) a prime number?
True
Let j(h) = -h**3 + 36*h**2 - 22*h + 118. Is j(27) prime?
False
Let r(d) be the first derivative of 23*d**2 - 16*d - 13. Let n be r(7). Let w = 653 - n. Is w a prime number?
True
Is 5/330*38735594 + (-122)/(-2013) a composite number?
False
Suppose -n = 6*t - 9*t + 12, -3*n - 9 = 0. Suppose 3*m - 5*c - 11950 = 0, 3*c - 4*c = -t*m + 11954. Is m prime?
False
Let r(o) = -o**2 - 25*o + 2. Let s be r(-25). Suppose -4*v + 2141 = 4*f - 2315, 5*f + s*v = 5570. Is f a prime number?
False
Let o be 23778/(-1)*(-25 + 10 - -11). Is o/10 + (-9)/45 composite?
False
Is (-1 - -1) + (4103 - 20/(-10)) composite?
True
Is 1802562/24 - (-306)/136 a prime number?
True
Suppose 0 = 5*h + 5*k - 461250, 0 = -3*h - k + 191323 + 85429. Is h a composite number?
False
Let k(d) = 480*d + 6. Let m be k(2). Let u = -644 + m. Su